{"id":2149,"date":"2021-07-01T13:11:58","date_gmt":"2021-07-01T16:11:58","guid":{"rendered":"https:\/\/apcergroup.com\/pt-br\/eventos\/?page_id=2149"},"modified":"2021-11-30T19:46:18","modified_gmt":"2021-11-30T22:46:18","slug":"novas-tendencias-na-certificacao-fsc","status":"publish","type":"page","link":"https:\/\/apcergroup.com\/pt-br\/eventos\/novas-tendencias-na-certificacao-fsc\/","title":{"rendered":"Novas Tend\u00eancias na Certifica\u00e7\u00e3o FSC"},"content":{"rendered":"<p>[vc_row full_width=&#8221;stretch_row&#8221; gap=&#8221;30&#8243; css=&#8221;.vc_custom_1625159342258{padding-top: 80px !important;padding-bottom: 60px !important;background-image: url(https:\/\/apcergroup.com\/pt-br\/eventos\/wp-content\/uploads\/2021\/07\/apcer-brasil-webinar-fsc-header-02.jpg?id=2167) !important;}&#8221;][vc_column width=&#8221;4\/12&#8243;][vc_empty_space height=&#8221;15px&#8221;][vc_single_image image=&#8221;2177&#8243; img_size=&#8221;full&#8221;][vc_empty_space height=&#8221;40px&#8221;][vc_btn title=&#8221;INSCREVA-SE GRATUITAMENTE&#8221; color=&#8221;green&#8221; size=&#8221;lg&#8221; align=&#8221;center&#8221; button_block=&#8221;true&#8221; link=&#8221;url:https%3A%2F%2Fzoom.us%2Fwebinar%2Fregister%2FWN_vQqnJGipQPeGkgHiBVU-Gw&#8221;][vc_empty_space height=&#8221;20px&#8221;][\/vc_column][vc_column width=&#8221;8\/12&#8243;][vc_empty_space height=&#8221;15px&#8221;][vc_column_text]<\/p>\n<h1><span style=\"color: #ffffff;\"><strong>Novas Tend\u00eancias na Certifica\u00e7\u00e3o FSC<\/strong><\/span><\/h1>\n<p><span style=\"color: #ffffff;\">Consciente sobre os benef\u00edcios da certifica\u00e7\u00e3o FSC\u00ae, que atinge todos os n\u00edveis da cadeia produtiva \u2015 desde a floresta at\u00e9 o consumidor final \u2015, a APCER Brasil vai realizar no pr\u00f3ximo dia 14 de julho, \u00e0s 10h, o webinar \u201cNovas Tend\u00eancias na Certifica\u00e7\u00e3o FSC\u00ae\u201d. Participe e conhe\u00e7a as experi\u00eancias nacionais e internacionais de certifica\u00e7\u00e3o FSC\u00ae, as principais novidades e o futuro deste esquema de certifica\u00e7\u00e3o, al\u00e9m do processo de certifica\u00e7\u00e3o de projeto.<\/span>[\/vc_column_text][vc_empty_space height=&#8221;40px&#8221;][\/vc_column][\/vc_row][vc_row fullwidth=&#8221;no&#8221; bg_image_custom=&#8221;121&#8243; el_id=&#8221;home&#8221; css=&#8221;.vc_custom_1625159738798{margin-top: 0px !important;margin-bottom: 0px !important;border-top-width: 0px !important;border-bottom-width: 0px !important;padding-top: 0px !important;padding-bottom: 0px !important;}&#8221; parallax_bg=&#8221;1&#8243; stellar_background_ratio=&#8221;0.6&#8243;][vc_column css=&#8221;.vc_custom_1417507329606{padding-bottom: 0px !important;}&#8221;]\n      <div class=\"event-description \">        \n        <div class=\"event-background\" style=\"background-color:#ffffff\">\n            <div class=\"container-fluid\">\n                <div class=\"row\">\n                    \n            <div class=\"col-md-3\">\n              <div class=\"media \">\n                          <span class=\"pull-left\">\n                              <i class=\"fa fa-calendar fa-2x\"><\/i>\n                          <\/span>\n                  <div class=\"media-body\">\n                      <h4 class=\"media-heading\">Quando<\/h4>\n                      <span>14\/07\/2021<\/span>\n                  <\/div>\n              <\/div>\n            <\/div>\n    \n            <div class=\"col-md-3\">\n              <div class=\"media \">\n                          <span class=\"pull-left\">\n                              <i class=\"fa fa-map fa-2x\"><\/i>\n                          <\/span>\n                  <div class=\"media-body\">\n                      <h4 class=\"media-heading\">Onde<\/h4>\n                      <span>Online<\/span>\n                  <\/div>\n              <\/div>\n            <\/div>\n    \n            <div class=\"col-md-3\">\n              <div class=\"media \">\n                          <span class=\"pull-left\">\n                              <i class=\"fa fa-group fa-2x\"><\/i>\n                          <\/span>\n                  <div class=\"media-body\">\n                      <h4 class=\"media-heading\">Vagas<\/h4>\n                      <span>Limitadas<\/span>\n                  <\/div>\n              <\/div>\n            <\/div>\n    \n            <div class=\"col-md-3\">\n              <div class=\"media \">\n                          <span class=\"pull-left\">\n                              <i class=\"fa fa-microphone fa-2x\"><\/i>\n                          <\/span>\n                  <div class=\"media-body\">\n                      <h4 class=\"media-heading\">Palestrantes<\/h4>\n                      <span>4 palestrantes<\/span>\n                  <\/div>\n              <\/div>\n            <\/div>\n    \n                <\/div>\n            <\/div>        \n        <\/div>\n    <\/div>\n    [\/vc_column][\/vc_row][vc_row][vc_column][vc_empty_space height=&#8221;20px&#8221;][vc_column_text]<span style=\"color: #075b00;\"><br \/>\nO evento ser\u00e1 conduzido por Rui Oliveira, COO da APCER Brasil, com palestras de Daniela Vilela, diretora executiva do FSC\u00ae Brasil; Susana Br\u00edgido, diretora da 2BFOREST; C\u00e9sar Gon\u00e7alves, Forest Business Developer da APCER; e Camilla Noel, gestora de certifica\u00e7\u00e3o da Go Health Foods. Ap\u00f3s as apresenta\u00e7\u00f5es, ser\u00e1 promovido um debate entre os palestrantes, mediado por Joana dos Guimar\u00e3es S\u00e1, Forest Unit Leader da APCER.<\/span><\/p>\n<p><span style=\"color: #075b00;\"><br \/>\nA \u00e1rea florestal global certificada com os Princ\u00edpios e Crit\u00e9rios do FSC\u00ae est\u00e1 crescendo em todo o mundo, acompanhada por um forte crescimento na cadeia de produtos certificados. O Brasil possui, atualmente, 7.628.406 de hectares certificados na modalidade de manejo florestal e envolve 145 opera\u00e7\u00f5es de manejo \u2015 entre \u00e1reas de florestas nativas e plantadas \u2015 ocupando o 6\u00ba lugar no ranking total do sistema FSC\u00ae. J\u00e1 na modalidade de cadeia de cust\u00f3dia, o Pa\u00eds conta com 1.067 certificados emitidos.<\/span><\/p>\n<p><span style=\"color: #075b00;\"><br \/>\nAproveite a oportunidade e esclare\u00e7a as suas d\u00favidas!<br \/>\n<\/span>[\/vc_column_text][vc_empty_space height=&#8221;20px&#8221;][\/vc_column][\/vc_row][vc_row section_id=&#8221;speakers&#8221; el_class=&#8221;light text-center&#8221; fullwidth=&#8221;no&#8221; css=&#8221;.vc_custom_1620374719705{margin-top: 0px !important;margin-bottom: 0px !important;border-top-width: 0px !important;border-bottom-width: 0px !important;padding-top: 20px !important;padding-bottom: 70px !important;}&#8221; el_id=&#8221;speakers&#8221; parallax_bg=&#8221;0&#8243; stellar_background_ratio=&#8221;0.6&#8243;][vc_column css=&#8221;.vc_custom_1414548417251{margin-top: 0px !important;margin-bottom: 0px !important;}&#8221;]\n      <h3 class=\"section-title text-left\"><span data-animation=\"flipInY\" data-animation-delay=\"300\" class=\"icon-inner\"><span class=\"fa-stack\"><i class=\"fa wohex fa-stack-2x\"><\/i><i class=\"fa fa-user fa-stack-1x\"><\/i><\/span><\/span><span data-animation=\"fadeInRight\" data-animation-delay=\"500\" class=\"title-inner\">Programa <small> \/ Cronograma<\/small><\/span><\/h3>\n    [\/vc_column][\/vc_row][vc_row css=&#8221;.vc_custom_1620415841997{padding-bottom: 100px !important;}&#8221;][vc_column][vc_empty_space height=&#8221;15px&#8221;][vc_row_inner][vc_column_inner width=&#8221;1\/2&#8243;]\n      <h3 class=\"section-title \"><span data-animation=\"flipInY\" data-animation-delay=\"\" class=\"icon-inner\"><span class=\"fa-stack\"><i class=\"fa wohex fa-stack-2x\"><\/i><i class=\"fa fa-clock fa-stack-1x\"><\/i><\/span><\/span><span data-animation=\"fadeInRight\" data-animation-delay=\"500\" class=\"title-inner\">10h00 <small> - Sess\u00e3o de Abertura<\/small><\/span><\/h3>\n    [\/vc_column_inner][vc_column_inner width=&#8221;1\/2&#8243;][vc_column_text]<em>Rui Oliveira, COO da APCER Brasil<\/em>[\/vc_column_text][\/vc_column_inner][\/vc_row_inner][vc_separator][vc_empty_space height=&#8221;20px&#8221;][vc_row_inner][vc_column_inner width=&#8221;1\/2&#8243;]\n      <h3 class=\"section-title \"><span data-animation=\"flipInY\" data-animation-delay=\"\" class=\"icon-inner\"><span class=\"fa-stack\"><i class=\"fa wohex fa-stack-2x\"><\/i><i class=\"fa fa-clock fa-stack-1x\"><\/i><\/span><\/span><span data-animation=\"fadeInRight\" data-animation-delay=\"500\" class=\"title-inner\">10h10 <small> - Tend\u00eancias de Certifica\u00e7\u00e3o FSC\u00ae<\/small><\/span><\/h3>\n    [\/vc_column_inner][vc_column_inner width=&#8221;1\/2&#8243;][vc_column_text]<em>Daniela Vilela, diretora executiva do FSC\u00ae Brasil<\/em>[\/vc_column_text][\/vc_column_inner][\/vc_row_inner][vc_separator][vc_empty_space height=&#8221;20px&#8221;][vc_row_inner][vc_column_inner width=&#8221;1\/2&#8243;]\n      <h3 class=\"section-title \"><span data-animation=\"flipInY\" data-animation-delay=\"\" class=\"icon-inner\"><span class=\"fa-stack\"><i class=\"fa wohex fa-stack-2x\"><\/i><i class=\"fa fa-clock fa-stack-1x\"><\/i><\/span><\/span><span data-animation=\"fadeInRight\" data-animation-delay=\"500\" class=\"title-inner\">10h30 <small> - Testemunho: Certifica\u00e7\u00e3o FSC Projeto em Portugal<\/small><\/span><\/h3>\n    [\/vc_column_inner][vc_column_inner width=&#8221;1\/2&#8243;][vc_column_text]<em>Susana Br\u00edgido, Diretora da 2BFOREST<\/em>[\/vc_column_text][\/vc_column_inner][\/vc_row_inner][vc_separator][vc_empty_space height=&#8221;20px&#8221;][vc_row_inner][vc_column_inner width=&#8221;1\/2&#8243;]\n      <h3 class=\"section-title \"><span data-animation=\"flipInY\" data-animation-delay=\"\" class=\"icon-inner\"><span class=\"fa-stack\"><i class=\"fa wohex fa-stack-2x\"><\/i><i class=\"fa fa-clock fa-stack-1x\"><\/i><\/span><\/span><span data-animation=\"fadeInRight\" data-animation-delay=\"500\" class=\"title-inner\">10h50 <small> - O Processo de Certifica\u00e7\u00e3o FSC\u00ae Projeto<\/small><\/span><\/h3>\n    [\/vc_column_inner][vc_column_inner width=&#8221;1\/2&#8243;][vc_column_text]<em>C\u00e9sar Gon\u00e7alves, <\/em><em>Forest\u00a0Business Developer da APCER<\/em>[\/vc_column_text][\/vc_column_inner][\/vc_row_inner][vc_separator][vc_empty_space height=&#8221;20px&#8221;][vc_row_inner][vc_column_inner width=&#8221;1\/2&#8243;]\n      <h3 class=\"section-title \"><span data-animation=\"flipInY\" data-animation-delay=\"\" class=\"icon-inner\"><span class=\"fa-stack\"><i class=\"fa wohex fa-stack-2x\"><\/i><i class=\"fa fa-clock fa-stack-1x\"><\/i><\/span><\/span><span data-animation=\"fadeInRight\" data-animation-delay=\"500\" class=\"title-inner\">11h10 <small> - Certifica\u00e7\u00e3o FSC da Castanha do Brasil<\/small><\/span><\/h3>\n    [\/vc_column_inner][vc_column_inner width=&#8221;1\/2&#8243;][vc_column_text]<em>Camilla Noel, gestora de certifica\u00e7\u00e3o da Go Health Foods<\/em>[\/vc_column_text][\/vc_column_inner][\/vc_row_inner][vc_separator][vc_empty_space height=&#8221;20px&#8221;][vc_row_inner][vc_column_inner width=&#8221;1\/2&#8243;]\n      <h3 class=\"section-title \"><span data-animation=\"flipInY\" data-animation-delay=\"\" class=\"icon-inner\"><span class=\"fa-stack\"><i class=\"fa wohex fa-stack-2x\"><\/i><i class=\"fa fa-clock fa-stack-1x\"><\/i><\/span><\/span><span data-animation=\"fadeInRight\" data-animation-delay=\"500\" class=\"title-inner\">11h30 <small> - Debate<\/small><\/span><\/h3>\n    [\/vc_column_inner][vc_column_inner width=&#8221;1\/2&#8243;][vc_column_text]<em>Moderador: Joana dos Guimar\u00e3es S\u00e1, <\/em>Forest Unit Leader da APCER[\/vc_column_text][\/vc_column_inner][\/vc_row_inner][vc_separator][vc_empty_space height=&#8221;20px&#8221;][vc_row_inner][vc_column_inner width=&#8221;1\/2&#8243;]\n      <h3 class=\"section-title \"><span data-animation=\"flipInY\" data-animation-delay=\"\" class=\"icon-inner\"><span class=\"fa-stack\"><i class=\"fa wohex fa-stack-2x\"><\/i><i class=\"fa fa-clock fa-stack-1x\"><\/i><\/span><\/span><span data-animation=\"fadeInRight\" data-animation-delay=\"500\" class=\"title-inner\">12h <small> - Encerramento<\/small><\/span><\/h3>\n    [\/vc_column_inner][vc_column_inner width=&#8221;1\/2&#8243;][\/vc_column_inner][\/vc_row_inner][\/vc_column][\/vc_row][vc_row][vc_column][vc_btn title=&#8221;INSCREVA-SE GRATUITAMENTE&#8221; color=&#8221;green&#8221; size=&#8221;lg&#8221; align=&#8221;center&#8221; button_block=&#8221;true&#8221; link=&#8221;url:https%3A%2F%2Fzoom.us%2Fwebinar%2Fregister%2FWN_vQqnJGipQPeGkgHiBVU-Gw&#8221; el_class=&#8221;btn-subscribe-fsc&#8221;][vc_empty_space height=&#8221;36px&#8221;][\/vc_column][\/vc_row][vc_row full_width=&#8221;stretch_row&#8221; css=&#8221;.vc_custom_1620410673094{background-color: #4c4c4c !important;}&#8221;][vc_column][vc_empty_space height=&#8221;80px&#8221;][vc_column_text]<\/p>\n<p style=\"text-align: center;\"><span style=\"color: #ffffff;\">Ao submeter os seus dados, voc\u00ea est\u00e1 concordando com a nossa<a href=\"https:\/\/www.apcergroup.com\/pt\/politicas-de-privacidade\/\"> Pol\u00edtica de Privacidade da Apcer<\/a>.[\/vc_column_text][vc_empty_space height=&#8221;80px&#8221;][vc_raw_html]JTNDc2NyaXB0JTIwdHlwZSUzRCUyMnRleHQlMkZqYXZhc2NyaXB0JTIyJTNFJTBBJTBBJTIwJTIwJTIwJTIwdmFyJTIwc2Nyb2xsYmVoYXZpb3IlMjAlM0QlMjBmYWxzZSUzQiUwQSUwQWpRdWVyeSUyOHdpbmRvdyUyOS5zY3JvbGwlMjhmdW5jdGlvbiUyOCUyOSU3QiUwQSUwQSUyMCUyMCUyMCUyMHZhciUyMHdpbnRvcCUyMCUzRCUyMGpRdWVyeSUyOHdpbmRvdyUyOS5zY3JvbGxUb3AlMjglMjklM0IlMEElMjAlMjAlMjAlMjB2YXIlMjBkb2NoZWlnaHQlMjAlM0QlMjBqUXVlcnklMjhkb2N1bWVudCUyOS5oZWlnaHQlMjglMjklM0IlMEElMjAlMjAlMjAlMjB2YXIlMjB3aW5oZWlnaHQlMjAlM0QlMjBqUXVlcnklMjh3aW5kb3clMjkuaGVpZ2h0JTI4JTI5JTNCJTBBJTBBJTIwJTIwJTIwJTIwY29uc29sZS5sb2clMjhzY3JvbGxiZWhhdmlvciUyOSUzQiUwQSUwQSUyMCUyMCUyMCUyMHZhciUyMHNjcm9sbHRyaWdnZXIlMjAlM0QlMjAwLjglM0IlMEElMEElMjAlMjAlMjAlMjAlMkYlMkZjb25zb2xlLmxvZyUyOCUyNyUyNXNjcm9sbGVkJTNEJTI3JTJCJTI4d2ludG9wJTJGJTI4ZG9jaGVpZ2h0LXdpbmhlaWdodCUyOSUyOSUyQTEwMCUyOSUzQiUwQSUwQSUyMCUyMCUyMCUyMGlmJTIwJTIwJTI4JTI4d2ludG9wJTJGJTI4ZG9jaGVpZ2h0LXdpbmhlaWdodCUyOSUyOSUyMCUzRSUyMHNjcm9sbHRyaWdnZXIlMjAlMjYlMjBzY3JvbGxiZWhhdmlvciUyMCUyMSUzRCUyMHRydWUlMjAlMjklMjAlN0IlMEElMEElMjAlMjAlMjAlMjAlMjAlMjAlMjBjb25zb2xlLmxvZyUyOCUyN01haXMlMjBkZSUyMDgwJTI1JTIwZGElMjBwJUMzJUExZ2luYSUyNyUyOSUzQiUwQSUyMCUyMCUyMCUyMCUyMCUyMCUyMHNjcm9sbGJlaGF2aW9yJTIwJTNEJTIwdHJ1ZSUzQiUwQSUwQSUyMCUyMCUyMCUyMCUyMCUyMCUyMGNvbnNvbGUubG9nJTI4c2Nyb2xsYmVoYXZpb3IlMjklM0IlMEElMjAlMjAlMjAlMjAlN0QlMEElMEElN0QlMjklM0IlMEElMEElM0MlMkZzY3JpcHQlM0U=[\/vc_raw_html][\/vc_column][\/vc_row][vc_row][vc_column][\/vc_column][\/vc_row][vc_row][vc_column][vc_column_text]<\/span><\/p>\n<p>[\/vc_column_text][\/vc_column][\/vc_row]<\/p>\n","protected":false},"excerpt":{"rendered":"<p>[vc_row full_width=&#8221;stretch_row&#8221; gap=&#8221;30&#8243; css=&#8221;.vc_custom_1625159342258{padding-top: 80px !important;padding-bottom: 60px !important;background-image: url(https:\/\/apcergroup.com\/pt-br\/eventos\/wp-content\/uploads\/2021\/07\/apcer-brasil-webinar-fsc-header-02.jpg?id=2167) !important;}&#8221;][vc_column width=&#8221;4\/12&#8243;][vc_empty_space height=&#8221;15px&#8221;][vc_single_image image=&#8221;2177&#8243; img_size=&#8221;full&#8221;][vc_empty_space height=&#8221;40px&#8221;][vc_btn title=&#8221;INSCREVA-SE GRATUITAMENTE&#8221; color=&#8221;green&#8221; size=&#8221;lg&#8221; align=&#8221;center&#8221; button_block=&#8221;true&#8221; link=&#8221;url:https%3A%2F%2Fzoom.us%2Fwebinar%2Fregister%2FWN_vQqnJGipQPeGkgHiBVU-Gw&#8221;][vc_empty_space height=&#8221;20px&#8221;][\/vc_column][vc_column width=&#8221;8\/12&#8243;][vc_empty_space height=&#8221;15px&#8221;][vc_column_text] Novas Tend\u00eancias na Certifica\u00e7\u00e3o FSC Consciente sobre os benef\u00edcios da certifica\u00e7\u00e3o FSC\u00ae, que atinge todos os n\u00edveis<\/p>\n","protected":false},"author":1,"featured_media":2183,"parent":0,"menu_order":0,"comment_status":"open","ping_status":"closed","template":"home_template.php","meta":[],"_links":{"self":[{"href":"https:\/\/apcergroup.com\/pt-br\/eventos\/wp-json\/wp\/v2\/pages\/2149"}],"collection":[{"href":"https:\/\/apcergroup.com\/pt-br\/eventos\/wp-json\/wp\/v2\/pages"}],"about":[{"href":"https:\/\/apcergroup.com\/pt-br\/eventos\/wp-json\/wp\/v2\/types\/page"}],"author":[{"embeddable":true,"href":"https:\/\/apcergroup.com\/pt-br\/eventos\/wp-json\/wp\/v2\/users\/1"}],"replies":[{"embeddable":true,"href":"https:\/\/apcergroup.com\/pt-br\/eventos\/wp-json\/wp\/v2\/comments?post=2149"}],"version-history":[{"count":35,"href":"https:\/\/apcergroup.com\/pt-br\/eventos\/wp-json\/wp\/v2\/pages\/2149\/revisions"}],"predecessor-version":[{"id":2190,"href":"https:\/\/apcergroup.com\/pt-br\/eventos\/wp-json\/wp\/v2\/pages\/2149\/revisions\/2190"}],"wp:featuredmedia":[{"embeddable":true,"href":"https:\/\/apcergroup.com\/pt-br\/eventos\/wp-json\/wp\/v2\/media\/2183"}],"wp:attachment":[{"href":"https:\/\/apcergroup.com\/pt-br\/eventos\/wp-json\/wp\/v2\/media?parent=2149"}],"curies":[{"name":"wp","href":"https:\/\/api.w.org\/{rel}","templated":true}]}}